1, 389
List the prime factors of 402.
2, 3, 67
List the prime factors of 2362.
2, 1181
List the prime factors of 430.
2, 5, 43
List the prime factors of 19422.
2, 3, 13, 83
What are the prime factors of 1189?
29, 41
What are the prime factors of 6341?
17, 373
List the prime factors of 16482.
2, 3, 41, 67
List the prime factors of 119.
7, 17
List the prime factors of 17035.
5, 3407
What are the prime factors of 896?
2, 7
What are the prime factors of 12195?
3, 5, 271
What are the prime factors of 3127?
53, 59
List the prime factors of 1441.
11, 131
List the prime factors of 855.
3, 5, 19
What are the prime factors of 499?
499
List the prime factors of 333.
3, 37
List the prime factors of 140507.
23, 41, 149
What are the prime factors of 71591?
13, 5507
What are the prime factors of 113633?
13, 8741
What are the prime factors of 62367?
3, 20789
List the prime factors of 3602.
2, 1801
List the prime factors of 21708.
2, 3, 67
List the prime factors of 40797.
3, 1511
What are the prime factors of 2961?
3, 7, 47
List the prime factors of 8202.
2, 3, 1367
What are the prime factors of 39796?
2, 9949
What are the prime factors of 38880?
2, 3, 5
What are the prime factors of 82515?
3, 5, 5501
List the prime factors of 12293.
19, 647
List the prime factors of 10363.
43, 241
What are the prime factors of 71984?
2, 11, 409
What are the prime factors of 1610?
2, 5, 7, 23
What are the prime factors of 22727?
22727
What are the prime factors of 653?
653
What are the prime factors of 79765?
5, 7, 43, 53
List the prime factors of 4543.
7, 11, 59
List the prime factors of 740.
2, 5, 37
What are the prime factors of 161144?
2, 20143
What are the prime factors of 1335?
3, 5, 89
List the prime factors of 232.
2, 29
What are the prime factors of 3365?
5, 673
List the prime factors of 54548.
2, 13, 1049
List the prime factors of 10435.
5, 2087
List the prime factors of 4479.
3, 1493
What are the prime factors of 316?
2, 79
List the prime factors of 23527.
7, 3361
What are the prime factors of 5310?
2, 3, 5, 59
What are the prime factors of 2064?
2, 3, 43
List the prime factors of 1099.
7, 157
What are the prime factors of 1933?
1933
What are the prime factors of 7757?
7757
List the prime factors of 7383.
3, 23, 107
List the prime factors of 1737.
3, 193
What are the prime factors of 21931?
7, 13, 241
List the prime factors of 2310.
2, 3, 5, 7, 11
What are the prime factors of 5005?
5, 7, 11, 13
List the prime factors of 4415.
5, 883
List the prime factors of 36783.
3, 61, 67
List the prime factors of 849.
3, 283
List the prime factors of 24969.
3, 7, 29, 41
What are the prime factors of 2189?
11, 199
What are the prime factors of 2206?
2, 1103
List the prime factors of 69058.
2, 11, 43, 73
What are the prime factors of 41545?
5, 7, 1187
List the prime factors of 2680.
2, 5, 67
List the prime factors of 1759.
1759
What are the prime factors of 10658?
2, 73
List the prime factors of 888.
2, 3, 37
List the prime factors of 104733.
3, 431
What are the prime factors of 3967?
3967
What are the prime factors of 3323?
3323
What are the prime factors of 662?
2, 331
What are the prime factors of 40016?
2, 41, 61
What are the prime factors of 1312?
2, 41
List the prime factors of 1203.
3, 401
What are the prime factors of 887?
887
What are the prime factors of 493?
17, 29
What are the prime factors of 17076?
2, 3, 1423
List the prime factors of 809.
809
List the prime factors of 18123.
3, 7, 863
List the prime factors of 4064.
2, 127
List the prime factors of 123812.
2, 13, 2381
What are the prime factors of 482?
2, 241
What are the prime factors of 53036?
2, 13259
What are the prime factors of 633?
3, 211
List the prime factors of 10861.
10861
What are the prime factors of 4117?
23, 179
List the prime factors of 27576.
2, 3, 383
What are the prime factors of 1415?
5, 283
List the prime factors of 5499.
3, 13, 47
What are the prime factors of 12537?
3, 7, 199
List the prime factors of 6031.
37, 163
List the prime factors of 10528.
2, 7, 47
What are the prime factors of 4321?
29, 149
List the prime factors of 5304.
2, 3, 13, 17
List the prime factors of 652.
2, 163
List the prime factors of 884.
2, 13, 17
List the prime factors of 1096.
2, 137
List the prime factors of 950.
2, 5, 19
List the prime factors of 21266.
2, 7, 31
List the prime factors of 2942.
2, 1471
What are the prime factors of 275?
5, 11
List the prime factors of 15096.
2, 3, 17, 37
What are the prime factors of 9277?
9277
What are the prime factors of 8987?
11, 19, 43
What are the prime factors of 105752?
2, 13219
What are the prime factors of 12798?
2, 3, 79
List the prime factors of 17558.
2, 8779
What are the prime factors of 25767?
3, 7, 409
List the prime factors of 6252.
2, 3, 521
List the prime factors of 2613.
3, 13, 67
What are the prime factors of 10865?
5, 41, 53
What are the prime factors of 1779?
3, 593
List the prime factors of 22040.
2, 5, 19, 29
What are the prime factors of 17720?
2, 5, 443
What are the prime factors of 140?
2, 5, 7
What are the prime factors of 1258?
2, 17, 37
What are the prime factors of 50343?
3, 97, 173
List the prime factors of 3379.
31, 109
List the prime factors of 1345.
5, 269
What are the prime factors of 9378?
2, 3, 521
List the prime factors of 1789.
1789
List the prime factors of 1167.
3, 389
What are the prime factors of 1550?
2, 5, 31
List the prime factors of 4488.
2, 3, 11, 17
List the prime factors of 722.
2, 19
What are the prime factors of 58957?
19, 29, 107
What are the prime factors of 1620?
2, 3, 5
List the prime factors of 636.
2, 3, 53
List the prime factors of 2395.
5, 479
List the prime factors of 556.
2, 139
List the prime factors of 1759.
1759
What are the prime factors of 2745?
3, 5, 61
List the prime factors of 752.
2, 47
List the prime factors of 37520.
2, 5, 7, 67
List the prime factors of 100065.
3, 5, 7, 953
What are the prime factors of 413?
7, 59
What are the prime factors of 968?
2, 11
List the prime factors of 6168.
2, 3, 257
List the prime factors of 997.
997
List the prime factors of 22348.
2, 37, 151
What are the prime factors of 138?
2, 3, 23
What are the prime factors of 39236?
2, 17, 577
What are the prime factors of 24680?
2, 5, 617
What are the prime factors of 6012?
2, 3, 167
List the prime factors of 328.
2, 41
List the prime factors of 53150.
2, 5, 1063
What are the prime factors of 4534?
2, 2267
List the prime factors of 6084.
2, 3, 13
List the prime factors of 7306.
2, 13, 281
What are the prime factors of 1853?
17, 109
List the prime factors of 844.
2, 211
What are the prime factors of 121871?
47, 2593
List the prime factors of 105870.
2, 3, 5, 3529
What are the prime factors of 14047?
11, 1277
List the prime factors of 52382.
2, 11, 2381
What are the prime factors of 598?
2, 13, 23
List the prime factors of 47651.
17, 2803
What are the prime factors of 3554?
2, 1777
What are the prime factors of 1680?
2, 3, 5, 7
What are the prime factors of 2589?
3, 863
What are the prime factors of 24426?
2, 3, 23, 59
List the prime factors of 24359.
24359
List the prime factors of 14466.
2, 3, 2411
List the prime factors of 2921.
23, 127
What are the prime factors of 41997?
3, 13999
What are the prime factors of 1597?
1597
List the prime factors of 10092.
2, 3, 29
What are the prime factors of 973?
7, 139
List the prime factors of 51709.
7, 83, 89
What are the prime factors of 37651?
23, 1637
List the prime factors of 49924.
2, 7, 1783
What are the prime factors of 187?
11, 17
What are the prime factors of 1477?
7, 211
What are the prime factors of 5927?
5927
What are the prime factors of 12860?
2, 5, 643
What are the prime factors of 1142?
2, 571
What are the prime factors of 1112?
2, 139
What are the prime factors of 7786?
2, 17, 229
What are the prime factors of 1889?
1889
List the prime factors of 3603.
3, 1201
List the prime factors of 4650.
2, 3, 5, 31
What are the prime factors of 435?
3, 5, 29
List the prime factors of 6874.
2, 7, 491
What are the prime factors of 26001?
3, 107
List the prime factors of 83154.
2, 3, 13859
What are the prime factors of 18369?
3, 13, 157
List the prime factors of 7670.
2, 5, 13, 59
List the prime factors of 14826.
2, 3, 7, 353
List the prime factors of 487.
487
What are the prime factors of 85